vided by 9?
5
Suppose -12 = 4*t, 7 = -0*s + s - t. Suppose -4*j + 0*a - 5*a = -140, -4*a = s*j - 144. Calculate the remainder when 158 is divided by j.
38
Let u(h) = h + 4. Let p be u(-16). What is the remainder when 269 is divided by p/(-3)*(-27)/(-12)?
8
Let t be (-9)/(-2) + (-4)/8. Suppose -l + 3*l + t*i = 4, 3*l - 4*i - 16 = 0. Let u = 750504 + -750491. What is the remainder when u is divided by l?
1
Calculate the remainder when 101 + ((-192)/224)/(6/(-56)) is divided by 80.
29
Let v be (-568)/14 - (-21)/(-49). Let s = -37 - v. Suppose 3*w - s*b - 101 = 0, -3*w + 3*b + 86 = 2*b. Calculate the remainder when w is divided by 15.
12
Suppose 16*v = 249*v - 191060. Calculate the remainder when 832 is divided by v.
12
Suppose 8*g = 7*g + o + 2549, -3*g = 5*o - 7655. Calculate the remainder when g is divided by 23.
20
Let v(p) = 59*p - 236. Suppose 26*r = 6*r + 220. What is the remainder when v(r) is divided by 26?
23
Let u = -277 + 300. Let o = u - -173. Calculate the remainder when o is divided by 11.
9
Suppose -20*l = -p - 478, -3*l = 4*p - 33 - 47. Calculate the remainder when 1353 is divided by l.
9
Let m be 4/(-3)*9/(-6). Suppose -2*y + 8 = 2*c, -m*y + 5 = -1. What is the remainder when c is divided by 6*((-13)/6)/(-13)?
0
Let q(f) = 5*f - 11 + 3*f - 6*f + 2*f. Calculate the remainder when 32 is divided by q(4).
2
Suppose 7*p - 8*p - 4*k = -636, 5*p = 3*k + 3157. Calculate the remainder when p is divided by 55.
27
Let n(o) = 17*o - 14. Let q(i) = i - 1. Let r(u) = -n(u) + 3*q(u). Calculate the remainder when r(-10) is divided by 26.
21
Suppose 4*z - 2*w - 468 = 0, 4*z - 510 = 254*w - 259*w. What is the remainder when 3236 is divided by z?
116
Calculate the remainder when (-11 - -2)*(-37)/3 is divided by (7/(-21) - 0)*5 + (-10736)/(-264).
33
Let i = 235 + -193. Calculate the remainder when 670 is divided by i.
40
Let h = -5274 + 5365. Calculate the remainder when 1757 is divided by h.
28
Let s(d) be the second derivative of 7*d**4/2 - 7*d**3/3 + 6*d**2 - 2*d + 9. Calculate the remainder when 66 is divided by s(1).
26
Suppose -980 = -110*c + 12*c. What is the remainder when 68 is divided by c?
8
Suppose 34 = 3*u - 5*i - 107, -5*i + 171 = 3*u. Suppose 0 = 4*z + s - 272, 5*s + 16 + u = z. What is the remainder when z is divided by 15?
8
Let c(r) = 20*r**2 + 106*r - 459. Calculate the remainder when c(5) is divided by 10/(-55) - 288/(-11).
25
Suppose 465 = 11842*p - 11837*p. What is the remainder when (-1)/((1/274)/(-1)) is divided by p?
88
Let s(g) = -2*g**3 + g - 2. Suppose -3*c + 75 = -13*m + 9*m, 3*m + 60 = 3*c. Let q(z) = z**2 + 9*z - 7. Calculate the remainder when q(m) is divided by s(-2).
11
Let v = 9002 - 8976. What is the remainder when v is divided by 15?
11
Suppose 4*b - 556 = -4*q, q - 27*b = -32*b + 127. Let s(w) = w**2 + w - 4. What is the remainder when q is divided by s(-6)?
12
Suppose -25*j + 2590 = -11*j. What is the remainder when j is divided by -2 - (4 + -26 - -3)?
15
Let j = 259 + -253. Suppose j*l - 5*l - 4*h + 11 = 0, -l + 21 = 4*h. Calculate the remainder when 16 is divided by l.
1
Let c be (1 + 1 + -1)*69. Suppose -64*n + c*n + 90 = 0. Let w = n + 28. Calculate the remainder when 38 is divided by w.
8
Let s(j) = 2*j**3 + 51*j**2 + 22*j - 53. Calculate the remainder when 62 is divided by s(-25).
18
Let r = 55 - 55. Suppose r*u - u + 55 = -2*x, -u - 3*x + 30 = 0. What is the remainder when u is divided by 12?
9
Let y = -4903 + 9243. What is the remainder when y is divided by 69?
62
Suppose -3*c + 5*c = -252. Let g be (-4)/18 - 1036/c. Calculate the remainder when 13 is divided by (g/12)/(2/15).
3
Let u(r) = r**3 + 5*r**2 + 19*r + 130. Let d(f) = 7*f**3 + 4*f**2 - 3*f + 1. Calculate the remainder when d(2) is divided by u(-5).
32
Let s be ((-52374)/(-9))/14 - 10/6. Let h = 563 - s. What is the remainder when h is divided by 23?
11
Let i(x) = 18*x**2 - 65*x + 1. What is the remainder when i(6) is divided by 134?
125
Let k = 415 - 415. Suppose k = -9*i + 10 + 233. Let d = -5 - -19. What is the remainder when i is divided by d?
13
Let g(n) = -153*n - 3463. What is the remainder when 591 is divided by g(-23)?
31
What is the remainder when (0 + 2)/((-28)/(-5026)) - 6 is divided by 67?
18
Suppose 19*q = 56*q - 6068. What is the remainder when q/1066 + 2260/13 is divided by 55?
9
What is the remainder when 212 is divided by (-486)/(-27) - 4/(-3 + -1)?
3
Suppose 0*a = 4*a. Suppose 0 = 8*f - a*f - 8. Let u = f - -4. What is the remainder when 27 is divided by u?
2
Let w(h) = -h + 5 + 0 - 1 + h**2. Calculate the remainder when w(4) is divided by (-1179)/1048*(-16)/2.
7
Let z(q) = 846*q + 11001. What is the remainder when 399 is divided by z(-13)?
0
Let n be 5 - (3 + -62)*(-30)/6. Let s = -111 - n. What is the remainder when s is divided by 36?
35
Let x(t) = -t**3 + t**2 + t + 1. Let g be x(0). What is the remainder when (g/1)/(3/45) is divided by 410/70 - 6 - 86/(-14)?
3
Let d(w) = w**3 + 8*w**2 - 23*w - 27. Let p be d(-10). What is the remainder when 45 is divided by (224/(-35) - -7)/(p/35)?
3
Let q(z) = -4*z + 20. Let s be q(0). Suppose 0 = -3*c + 4*c + 3*t - 20, -c + 4*t = -13. Let k = s - c. What is the remainder when 10 is divided by k?
1
Suppose -825 = -3*c - 3*k, -78*c - 1112 = -82*c - k. Calculate the remainder when c is divided by 113.
53
Suppose -6*f + 33 = 15. Suppose -44 + 155 = f*d + 2*g, 0 = 2*d - g - 74. What is the remainder when 105 is divided by d?
31
Suppose 1727 = 4*d - 5*k, 97*d - 1302 = 94*d - 3*k. What is the remainder when 3466 is divided by d?
2
Suppose 2*q + 74 = 78. Suppose 141 = 3*d - 3*o, -5*o = -0*d - q*d + 100. Let a = d + -38. Calculate the remainder when 24 is divided by a.
3
What is the remainder when 1457 is divided by 24 - 150/(-4) - 1/2?
54
Let f(q) = q**3 + 8*q**2 + q - 7. Let o(r) = 17*r - 3. Let t be o(1). Suppose -t = 2*k - 2. Calculate the remainder when f(k) is divided by 21.
17
Suppose -2*i = 3*r + 149 - 1928, 2*i - 1786 = 4*r. Suppose 15*f = 48*f - i. Calculate the remainder when 74 is divided by f.
20
Suppose -z + 1 = -4, 2*b = 2*z + 342. Suppose b = 6*r + 5*r. What is the remainder when 190 is divided by r?
14
Suppose 9*w - 24487 = -0*w + 9947. Calculate the remainder when w is divided by 59.
50
Suppose -7*d + 18 = -6*d - 3*p, -2*p + 39 = 5*d. Suppose 0 = d*b - 6 - 48. Calculate the remainder when 45 is divided by b.
3
Let i(f) be the first derivative of -71*f - 44 - 13/2*f**2. Calculate the remainder when 45 is divided by i(-6).
3
Let o be (3 + 1)*(1 + 30/4). Suppose -254 + o = -4*z. What is the remainder when z is divided by 3?
1
Let d be (30/(-2))/(-3)*3. Suppose -5*r - 21 + 71 = 0. Suppose 0 = -d*i + r*i + 135. What is the remainder when i is divided by 7?
6
Let i = 5363 - 5335. Suppose -49 = -2*u + 17. Calculate the remainder when u is divided by i.
5
Suppose 0 = 3*l + 96 - 1071. Let a = -200 + l. What is the remainder when a is divided by 42?
41
Let j(t) = 36*t**3 - 21*t**2 + 14*t + 4. Calculate the remainder when j(2) is divided by 45.
11
Let m(s) = 2*s**2 + 163*s - 834. What is the remainder when 926 is divided by m(5)?
27
Let x be (-2)/(2/(-11)) + (-1 - 3). Suppose 3 = a, -x = 5*w + a - 70. Calculate the remainder when 251 is divided by w.
11
Suppose 8*k - 5 = 4*q + 13*k, 0 = 2*q - 5*k - 35. Calculate the remainder when 148 is divided by 2 + (q + 1 - -42).
48
Suppose 13*h = 9*h + 3*p - 3, 3*h = -2*p - 15. What is the remainder when 219*(-2 - (0 + h - 0)) is divided by 11?
10
Let b = -20855 + 20890. What is the remainder when 232 is divided by b?
22
Let m be (-2 + 0)*(-4 + 246/4). Let j = m + 85. Calculate the remainder when ((-24)/j)/(2/165) is divided by 17.
15
Let r = -28272 + 28383. Suppose -250 = -9*y + 4*y. What is the remainder when r is divided by y?
11
Let x(u) = 148*u + 9. Let q(h) = -149*h - 9. Let d(l) = -5*q(l) - 6*x(l). Let f be d(-3). Calculate the remainder when (-8)/((-32)/f) + 1 is divided by 27.
25
Suppose -27*z = -3*z - 3864. Suppose 0 = -3*t - 4*f + 301, -5*t + 360 = -3*f - z. What is the remainder when t is divided by (-3 - -1)/((-2)/15)?
13
Let x be 7312/14 - (-10)/(-35). Suppose -3*h - 3*o = -x + 69, 4*h - 602 = -2*o. Suppose 0 = 101*j - 2116 + 197. What is the remainder when h is divided by j?
17
Let s(m) = -m**3 - 79*m**2 - 170*m - 592. Calculate 